e 9*r - 737902 = 11*r - 24*r. Is r a composite number?
True
Suppose 22*b = 19*b + 18. Let u(o) = 96*o**2 - 8*o + 25. Is u(b) prime?
True
Let g = 145758 - 95801. Is g a prime number?
True
Let k = 3663497 - 2302078. Is k composite?
True
Let b(z) = 82*z**2 - z - 8. Let g(c) = -111*c + 1 + 111*c + c**2. Let a(o) = b(o) + 3*g(o). Is a(7) a prime number?
True
Suppose 7*s - 10972 - 91963 = 0. Suppose 0 = -20*y + 15*y + s. Is y a prime number?
False
Suppose 5*w - 11 = 3*u, 2*u = 5*w - 9*w + 22. Suppose -w*d + 0*d + p + 26515 = 0, 4*d - 4*p - 26512 = 0. Is d prime?
False
Suppose -3286931 - 760059 = -35*p + 366755. Is p composite?
False
Suppose -5*x = -y + 89027, x - 532600 + 87465 = -5*y. Is y composite?
True
Let m(g) be the third derivative of 55*g**4/12 - 263*g**3/6 + 6*g**2 + 1. Is m(6) prime?
True
Let f = 11940 - 5237. Suppose -9*z = -5*z + 3*l - 22, 12 = 5*z - 4*l. Suppose f - 83 = z*p. Is p a prime number?
False
Let a = -19137 + 55240. Is a prime?
False
Let o(h) be the second derivative of 527*h**4/12 - 5*h**3/6 + 13*h**2/2 + h - 16. Is o(-3) prime?
False
Suppose 2936 = 2*d + 3*b, 18*b = 3*d + 17*b - 4393. Let f be 4/6 - (-5120)/6. Let t = d - f. Is t composite?
True
Let d(w) = w**3 - 3*w**2 - 2*w + 1402. Let b = 203 + -203. Is d(b) prime?
False
Let s(b) = -3*b - 5*b**2 - 2*b - 7*b + 14*b**2 - 32. Let z be s(-6). Suppose 2*p + 5*v - z = 0, -v + 103 = 2*p - 269. Is p prime?
False
Let j = 1589 + -1589. Let h be (-1)/(((-1)/(-139))/(-1)). Suppose u - h - 16 = j. Is u composite?
True
Suppose -x = 3*k - 2*k + 1049, 2*k = -3*x - 3152. Let r = 3213 + x. Is r a prime number?
False
Is 588511/154 + (-2)/4 a composite number?
False
Let j = -2867 + 48644. Is j composite?
True
Is -5 + -5 + 9968/2 + 7 a prime number?
False
Let q = 6 + -3. Let a(x) = 3*x**2 - 1 + x**2 + x - 14*x - q*x. Is a(-14) a prime number?
False
Let f be (414/345)/((-1)/(-4610)). Let h = -61 + f. Is h prime?
True
Let h(s) = -2*s**2 - 8*s + 46. Let u be h(-7). Is (-2)/4 - (-2 + (-23878)/u) composite?
True
Let a = 294 - 288. Let w(h) = 131*h**2 + 61*h - 3. Is w(a) prime?
False
Suppose 2*v = 2*a - 9892946, 427*v - 429*v + 19785856 = 4*a. Is a prime?
True
Let a(n) = 48*n**3 - 5*n**2 + n + 3. Let b be (2/(-3))/((-45)/270). Is a(b) a prime number?
True
Suppose -42*w + 17455638 = 5955618. Suppose 173*g + w = 179*g. Is g composite?
True
Let c be 39/4 - 3/(-12). Let v(i) = 4*i**3 - 22*i**2 - 11*i - 33. Is v(c) a prime number?
True
Let h(b) = 8*b**2 + 99*b + 2*b - 15*b + 15*b + 13 + b**2. Is h(-24) prime?
False
Let j(x) be the second derivative of 23*x**4/6 + 155*x**2/2 - 131*x. Is j(12) a composite number?
False
Let n(i) = -6*i + 15. Let g be (((-2)/(-6))/(10/90))/(-1). Is n(g) composite?
True
Let m = 30 - 26. Suppose -4*l + 1 = -2*i + 3, -m = -l + 5*i. Is l/(-1*2/262) a composite number?
False
Let j(i) = 4*i - 115. Let g be j(29). Is -74*g*((-15)/6)/5 a prime number?
True
Suppose 439743 = 17*b - 104002. Is b prime?
False
Suppose -6*c = 9*c - 29220. Let a = c - -2041. Is a prime?
True
Let o be ((-11)/(-2))/((-6)/(-1356)). Suppose 3464 = -4*q - 16*x + 11*x, q - 2*x + 866 = 0. Let u = q + o. Is u a composite number?
True
Let u(f) = -34*f**3 + 5*f**2 + 4*f + 2. Let d = -56 + -38. Let y = 91 + d. Is u(y) prime?
True
Suppose 10 = 43*t - 48*t. Let b be 3 + 2 + -6 + 37*t. Let j = -8 - b. Is j composite?
False
Let s(l) = l**3 - 20*l**2 - 14*l + 26*l + 123 - 5*l - 6*l. Is s(23) a composite number?
False
Suppose -12 = -0*o - 2*o. Let z(p) = p**3 - 5*p**2 - p - 6. Let x be z(o). Let s = -1 + x. Is s prime?
True
Suppose -3*d + 4*j = 181445, -d + 0*j = 2*j + 60495. Is d/(-14) + 7 - 1/2 a prime number?
True
Let i be 4/((140/(-24899))/(-5)). Let l = i + -2080. Is l composite?
True
Let c be (-6)/(-9)*27/6. Suppose -c = 3*b + 3. Is ((3812/(-8))/(-1))/(b/(-4)) prime?
True
Let l(d) = 740*d**2 + 3003*d - 30. Is l(-13) a composite number?
False
Let d(l) = -l**2 + 7*l + 12. Suppose -3*g + 44 = -4*p, 4*g + 0*p = -p + 27. Let u be d(g). Suppose 4*n - 4*h + 153 = 985, -u*h + 223 = n. Is n composite?
False
Let k = 31 + 34. Let p = -68 + k. Is (-4)/6*(p + 7275/(-10)) prime?
True
Suppose -5*c = 2*f - 1, 4*c = 3*f - f + 8. Is (2/(-6))/(f*(-7)/(-134358)) prime?
False
Let j(b) = 1913*b**2 + 9*b - 17. Let u be j(2). Suppose 3*x + 3*g = 12390, 5*x - 12976 = 2*g + u. Is x composite?
False
Suppose -10*y + 328703 - 105961 = -72088. Is y a composite number?
False
Suppose l + 33165 = 4*x, 3*x + l = -l + 24882. Let n = x + 6995. Is n a prime number?
True
Let i = 5943 + -2475. Let b = -575 + i. Is b a prime number?
False
Let b = -2301 + 4762. Suppose 0 = -5*v + 2*x + 4992, -4*v + 6448 - b = 5*x. Is v composite?
True
Let f = 5784 + -12819. Let x = f - -11402. Is x a prime number?
False
Let i = 297854 + -158215. Is i prime?
False
Let u(y) = -3417*y + 10. Suppose 0 = 5*a + 5*k + 10, -3*a = -4*a + 4*k + 3. Is u(a) prime?
False
Suppose 7*q = 2*q + 281495. Is q prime?
True
Let l(f) = 5762*f + 815. Is l(19) a prime number?
False
Let k = 303 + 19. Suppose r + k = -3820. Let g = r - -7599. Is g prime?
True
Suppose -2962*b = -2993*b + 5139149. Is b a composite number?
False
Let n = 12475 + 9407. Suppose 3*v - 8 = p, 4*v - 2*p - 7 = 3. Suppose v*q + 5*f = 10213 + 6196, 4*q - n = -5*f. Is q composite?
True
Let w be 0 + (-6)/10 + 2153754/90. Suppose 2*q - w = -c - c, 23922 = 2*q + 4*c. Is q composite?
False
Suppose -9*h + 115*h = -5*h + 14586177. Is h a composite number?
True
Let m = 71736 - 3103. Is m a composite number?
False
Let n be 4/22 + 184/(-44). Let y be (8 + 3 - 0) + n + 0. Let q(g) = 3*g**3 + g**2 + 5*g - 22. Is q(y) a composite number?
False
Suppose 2*v = -21*b + 16*b + 123876, 5*b + 3*v = 123879. Let x = b - 13823. Is x a composite number?
True
Is (84650/7)/2 - (124/(-217) + 0) a composite number?
False
Let f = -92 + 133. Let l = 24 - f. Let h(o) = -o**3 - 15*o**2 + 27*o - 42. Is h(l) a prime number?
False
Let u(s) = s**3 + 2*s**2 - 8*s + 2. Let g be u(-4). Let m(d) = 1661*d**3 + 3*d**2 - 9*d + 9. Is m(g) composite?
False
Let g be (((-40)/(-4))/(-2))/1. Is 11/(275/10) - 12173/g a prime number?
False
Suppose -4*p - 5 = p, g + p = 2. Suppose 3*u = -d + 970 + 330, -2164 = -5*u + d. Suppose -2*s - g*w = -499, -4*s + 2*w + u = -605. Is s a composite number?
False
Let z = 101 + -59. Suppose 2*c = -z + 50. Suppose 0*s + c*s - 2836 = 0. Is s composite?
False
Let c = 16715 - 9817. Let n = c - 4011. Is n a prime number?
True
Let d = 1305 - 562. Let t = d + 12554. Is t a prime number?
True
Let k(w) = 869*w**2 + 677*w - 44. Is k(21) composite?
True
Suppose -12*w + 146*w = -133*w + 10995861. Is w a prime number?
True
Suppose -138*g = -139*g + 2942. Is (g/6)/((-18)/(-378)) a composite number?
True
Let y be (-22)/3*6/(-4). Let p be (y + -12)/(((-4)/(-2))/(-4)). Suppose p*i - 808 = -222. Is i composite?
False
Let n(m) = 2586*m**2 + 290*m + 1965. Is n(-7) composite?
True
Suppose 736713 = 85*v - 449972. Is v composite?
True
Let k = 17443 - -11674. Is k prime?
False
Let g = 230 + -223. Let k(f) = 22*f - 43. Is k(g) composite?
True
Let u(m) be the second derivative of 47*m**5/20 + m**4/12 - 3*m**3 + 67*m**2/2 + 220*m. Is u(3) composite?
False
Is 6*(-11)/((-990)/724665) a composite number?
False
Suppose -28 = u - 1. Let d = u - -213. Suppose 3*i = 207 + d. Is i prime?
True
Suppose 39*f - 40*f + 1318629 = 2*t, 0 = -5*t + 4*f + 3296605. Is t composite?
False
Is (-52)/364 + 8221190/35 + -4 prime?
False
Suppose -1342743 - 405379 = -106*j + 20*j. Is j composite?
False
Suppose -2*h + 5*s - 15 = 0, h - 5*s + 11 = -9. Suppose -2790 = 3*u - 3*x + h*x, -12 = -4*x. Is u/(-10) - 4/20 a composite number?
True
Let p = 3816 + -14565. Let q = 434 - p. Is q a composite number?
True
Let j(k) = -101*k + 178. Suppose -1 = 5*h + 44. Is j(h) composite?
False
Let u be 1*(-1)/1 - (-3 - 1). Suppose u*g - 63 + 9 = 3*s, 5*s + 4*g + 90 = 0. Let i(q) = -q**2 - 23*q - 7. Is i(s) composite?
False
Let y(z) = 39*z**2 - 11*z - 8. Let r(w) = -20*w**2 + 5*w + 4. Let t(u) = -9*r(u) - 4*y(u). Is t(-9) a prime number?
True
Let b = 344782 - 243777. Is b a composite number?
True
Suppose -20 = -3*x - 2*x. Suppose s - x*k - 389 = 0, 2*s - 2*k + k - 778 = 0. Is s a composite number?
False
Let l = -1352 + -330. Let o = l + 2365. Is o a composite number?
False
Suppose -8*v = -189749 - 95583 + 78396